emainder when 4578039 is divided by 572253?
15
What is the remainder when 2251563 is divided by 61?
53
Calculate the remainder when 1239412 is divided by 18223.
248
Calculate the remainder when 688077 is divided by 305.
302
What is the remainder when 344505 is divided by 1442?
1309
Calculate the remainder when 126070 is divided by 8372.
490
What is the remainder when 9591388 is divided by 855?
853
What is the remainder when 8781899 is divided by 3467?
3455
What is the remainder when 61263 is divided by 60015?
1248
What is the remainder when 2836213 is divided by 3298?
3231
Calculate the remainder when 75861382 is divided by 47.
45
Calculate the remainder when 1363094 is divided by 1064.
110
What is the remainder when 2144504 is divided by 258?
8
Calculate the remainder when 31361763 is divided by 1299.
6
What is the remainder when 4304028 is divided by 358660?
108
What is the remainder when 12097944 is divided by 30?
24
Calculate the remainder when 7413 is divided by 410.
33
Calculate the remainder when 643228 is divided by 40163.
620
Calculate the remainder when 3491058 is divided by 19.
17
What is the remainder when 186825371 is divided by 4125?
4121
Calculate the remainder when 1894650 is divided by 1168.
154
What is the remainder when 842650 is divided by 210642?
82
Calculate the remainder when 9179152 is divided by 284.
272
What is the remainder when 54863 is divided by 54508?
355
Calculate the remainder when 67615 is divided by 390.
145
What is the remainder when 6640491 is divided by 3574?
3573
What is the remainder when 2028644 is divided by 2198?
2088
What is the remainder when 27271744 is divided by 1090?
1034
Calculate the remainder when 869148 is divided by 952.
924
What is the remainder when 1771272 is divided by 33?
30
Calculate the remainder when 81516549 is divided by 60.
9
Calculate the remainder when 1463770 is divided by 244.
14
Calculate the remainder when 64120 is divided by 3206.
0
Calculate the remainder when 3726365 is divided by 51754.
77
Calculate the remainder when 6352186 is divided by 3051.
4
Calculate the remainder when 200413 is divided by 409.
3
What is the remainder when 34243282 is divided by 2820?
22
What is the remainder when 6926571 is divided by 9?
0
What is the remainder when 2120956 is divided by 844?
828
Calculate the remainder when 53038326 is divided by 41.
29
Calculate the remainder when 917673 is divided by 522.
519
Calculate the remainder when 154934 is divided by 21871.
1837
Calculate the remainder when 510137292 is divided by 62.
52
What is the remainder when 13301549 is divided by 14?
9
What is the remainder when 774384 is divided by 73?
0
Calculate the remainder when 584290 is divided by 3398.
3232
What is the remainder when 195786 is divided by 63294?
5904
What is the remainder when 2219158 is divided by 100868?
62
Calculate the remainder when 2555465 is divided by 638866.
1
What is the remainder when 27851304 is divided by 8761?
85
What is the remainder when 162551 is divided by 639?
245
Calculate the remainder when 180865 is divided by 30094.
301
What is the remainder when 1493938 is divided by 187?
182
What is the remainder when 12820021 is divided by 4273309?
94
What is the remainder when 266334 is divided by 3550?
84
What is the remainder when 4926826 is divided by 140766?
16
What is the remainder when 117323354 is divided by 10665756?
38
What is the remainder when 1420747 is divided by 1600?
1547
What is the remainder when 7586524 is divided by 38?
14
What is the remainder when 169394 is divided by 56408?
170
Calculate the remainder when 63971 is divided by 12783.
56
What is the remainder when 69479714 is divided by 303?
299
What is the remainder when 707972703 is divided by 2391?
2385
What is the remainder when 462181 is divided by 5596?
3309
Calculate the remainder when 415629 is divided by 207699.
231
Calculate the remainder when 375530 is divided by 7085.
25
Calculate the remainder when 4815477 is divided by 2407719.
39
What is the remainder when 278962 is divided by 1134?
1132
Calculate the remainder when 11503773 is divided by 4.
1
What is the remainder when 263765408 is divided by 38?
36
Calculate the remainder when 377442 is divided by 1120.
2
Calculate the remainder when 638014 is divided by 2532.
2482
Calculate the remainder when 61962 is divided by 10289.
228
Calculate the remainder when 10334622 is divided by 597.
552
Calculate the remainder when 219278 is divided by 73054.
116
Calculate the remainder when 101667342 is divided by 9787.
9773
Calculate the remainder when 5947791 is divided by 1982597.
0
What is the remainder when 65948 is divided by 21043?
2819
What is the remainder when 16995156 is divided by 15?
6
What is the remainder when 5961099 is divided by 3728?
27
What is the remainder when 147003 is divided by 58?
31
What is the remainder when 52398772 is divided by 2112?
52
Calculate the remainder when 49432 is divided by 12325.
132
Calculate the remainder when 5905 is divided by 5398.
507
Calculate the remainder when 326848 is divided by 1479.
1468
What is the remainder when 9062654 is divided by 31?
21
What is the remainder when 917217 is divided by 183443?
2
What is the remainder when 236623106 is divided by 57?
32
Calculate the remainder when 26532831 is divided by 903.
885
What is the remainder when 1027837 is divided by 911?
229
What is the remainder when 4101022 is divided by 25?
22
What is the remainder when 932107 is divided by 6609?
238
What is the remainder when 230387 is divided by 161?
157
Calculate the remainder when 6696936 is divided by 53.
15
Calculate the remainder when 20787047 is divided by 52.
47
What is the remainder when 4067635 is divided by 581089?
12
Calculate the remainder when 134217 is divided by 134212.
5
Calculate the remainder when 5550213 is divided by 38.
9
What is the remainder when 1346976 is divided by 117?
72
Calculate the remainder when 120741 is divided by 29911.
1097
What is the remainder when 20780162 is divided by 112?
18
What is the remainder when 474685 is divided by 1972?
1405
Calculate the remainder when 33265 is divided by 1138.
263
Calculate the remainder when 5345864 is divided by 485984.
40
What is the remainder when 312312 is divided by 63?
21
What is the remainder when 378834 is divided by 12614?
414
What is the remainder when 48495419 is divided by 4569?
53
Calculate the remainder when 354073 is divided by 418.
27
What is the remainder when 7347663 is divided by 60?
3
What is the remainder when 493687 is divided by 12658?
25
What is the remainder when 13900769 is divided by 604381?
6
Calculate the remainder when 96661 is divided by 11449.
5069
Calculate the remainder when 1442775 is divided by 3921.
3768
Calculate the remainder when 42396 is divided by 42346.
50
What is the remainder when 13701423 is divided by 43222?
49
What is the remainder when 31270413 is divided by 498?
495
What is the remainder when 224137 is divided by 111845?
447
What is the remainder when 10498739 is divided by 109361?
83
Calculate the remainder when 742138 is divided by 8940.
118
Calculate the remainder when 8557922 is divided by 112.
2
What is the remainder when 9062467 is divided by 14570?
14497
What is the remainder when 7042585 is divided by 28863?
13
What is the remainder when 7031400 is divided by 314?
312
Calculate the remainder when 379811 is divided by 126308.
887
What is the remainder when 259717 is divided by 3252?
2809
Calculate the remainder when 61678 is divided by 8768.
302
Calculate the remainder when 72626885 is divided by 8871.
8
Calculate the remainder when 10846983 is divided by 100435.
3
What is the remainder when 27861 is divided by 27740?
121
What is the remainder when 2710549 is divided by 158?
59
Calculate the remainder when 154032 is divided by 15387.
162
What is the remainder when 235019 is divided by 4341?
605
Calculate the remainder when 295435 is divided by 4017.
2194
Calculate the remainder when 17710463 is divided by 17710457.
6
What is the remainder when 79550622 is divided by 3356?
3354
Calculate the remainder when 1489388 is divided by 1986.
1874
What is the remainder when 1190659 is divided by 170092?
15
What is the remainder when 76518535 is divided by 1306?
1301
Calculate the remainder when 5539